{"id":2,"date":"2016-08-20T23:08:03","date_gmt":"2016-08-20T20:08:03","guid":{"rendered":"http:\/\/www.valiniemi.com\/?page_id=2"},"modified":"2019-11-28T13:20:56","modified_gmt":"2019-11-28T11:20:56","slug":"esimerkkisivu","status":"publish","type":"page","link":"https:\/\/www.valiniemi.com\/?page_id=2","title":{"rendered":"Enduro"},"content":{"rendered":"<p>Enduroharrastukseni lyhyesti.<\/p>\n<p>Ensimm\u00e4inen ajokkini 2009 hankittu KTM 200EXC vm.1999<\/p>\n<p>Ensimm\u00e4inen kisa 2.10.2010, Mutkam\u00e4ki VI, josta C -luokkavoitto.<br \/>\nToinen kisa, III Pinteleen Ajo\u00a026.2.2011 talvella, josta toinen sijoitus 9:n sekunnin erolla voittajaan. Nousu B -luokkaan.<\/p>\n<p>Toinen ajokkini 2012 KTM 200EXC. Nykyinen, 3.s ajokkini 2014 KTM 200EXC. T\u00e4m\u00e4 on valkokilpinen.<\/p>\n<p><img loading=\"lazy\" decoding=\"async\" class=\"size-full wp-image-1828 alignnone\" src=\"https:\/\/www.valiniemi.com\/wp-content\/uploads\/2016\/08\/601095_10151025450389188_1005256874_n.jpg\" alt=\"601095_10151025450389188_1005256874_n\" width=\"640\" height=\"960\" srcset=\"https:\/\/www.valiniemi.com\/wp-content\/uploads\/2016\/08\/601095_10151025450389188_1005256874_n.jpg 640w, https:\/\/www.valiniemi.com\/wp-content\/uploads\/2016\/08\/601095_10151025450389188_1005256874_n-200x300.jpg 200w, https:\/\/www.valiniemi.com\/wp-content\/uploads\/2016\/08\/601095_10151025450389188_1005256874_n-1x1.jpg 1w\" sizes=\"auto, (max-width: 640px) 100vw, 640px\" \/><\/p>\n<p>V\u00e4liin m<img loading=\"lazy\" decoding=\"async\" class=\"alignleft size-full wp-image-1953\" style=\"color: #666666; display: inline; float: left; font-family: &amp;quot; open sans&amp;quot;,sans-serif; font-size: 14px; font-style: normal; font-variant: normal; font-weight: 400; height: auto; letter-spacing: normal; max-width: 100%; orphans: 2; text-align: left; text-decoration: none; text-indent: 0px; text-transform: none; -webkit-text-stroke-width: 0px; white-space: normal; width: auto; word-spacing: 0px; margin: 0.5em 1.5em 1em 0px;\" src=\"https:\/\/www.valiniemi.com\/wp-content\/uploads\/2016\/08\/ranne.jpg\" alt=\"ranne\" width=\"402\" height=\"581\" srcset=\"https:\/\/www.valiniemi.com\/wp-content\/uploads\/2016\/08\/ranne.jpg 402w, https:\/\/www.valiniemi.com\/wp-content\/uploads\/2016\/08\/ranne-208x300.jpg 208w, https:\/\/www.valiniemi.com\/wp-content\/uploads\/2016\/08\/ranne-1x1.jpg 1w\" sizes=\"auto, (max-width: 402px) 100vw, 402px\" \/>ahtuu lukuisia paikallisia sarjaenduokisoja, joista varsin hyvi\u00e4 sijoituksia. Sarjavoittoja jne.<\/p>\n<p>My\u00f6s pahoja loukkaantumisia mahtuu kuvioihin. Merkitt\u00e4vin 2012 kes\u00e4ll\u00e4 Kurikassa p\u00f6yt\u00e4hyppyrin yli hyp\u00e4tty loikka katkaisi molemmat k\u00e4det alastulossa. Toinen k\u00e4si vahvistettiin titaanilla, kun luut oli pirstaloitunut sen verran pahasti. Toinen pysyi\u00a0kipsill\u00e4 kasassa.<\/p>\n<p>Liikuntarajoitteiset ja osin hermovaurioiset k\u00e4det on nyt seuranani. Mutta ei se ainakaan vauhtia ole hidastanut!<\/p>\n<p>Sen sijaan Diabetes Type 1 sek\u00e4 Colitis Ulcerosa vaikuttaa hyvin pitk\u00e4lti harrastukseen.<\/p>\n<p>&nbsp;<\/p>\n","protected":false},"excerpt":{"rendered":"<p>Enduroharrastukseni lyhyesti. Ensimm\u00e4inen ajokkini 2009 hankittu KTM 200EXC vm.1999 Ensimm\u00e4inen kisa 2.10.2010, Mutkam\u00e4ki VI, josta C -luokkavoitto. Toinen kisa, III Pinteleen Ajo\u00a026.2.2011 talvella, josta toinen sijoitus 9:n sekunnin erolla voittajaan. Nousu B -luokkaan. Toinen ajokkini 2012 KTM 200EXC. Nykyinen, 3.s ajokkini 2014 KTM 200EXC. T\u00e4m\u00e4 on valkokilpinen. V\u00e4liin mahtuu lukuisia paikallisia sarjaenduokisoja, joista varsin hyvi\u00e4 [&hellip;]<\/p>\n","protected":false},"author":1,"featured_media":0,"parent":0,"menu_order":0,"comment_status":"closed","ping_status":"open","template":"","meta":{"footnotes":""},"class_list":["post-2","page","type-page","status-publish","hentry"],"yoast_head":"<!-- This site is optimized with the Yoast SEO plugin v27.5 - https:\/\/yoast.com\/product\/yoast-seo-wordpress\/ -->\n<title>Enduro - V\u00e4liniemi<\/title>\n<meta name=\"robots\" content=\"index, follow, max-snippet:-1, max-image-preview:large, max-video-preview:-1\" \/>\n<link rel=\"canonical\" href=\"https:\/\/www.valiniemi.com\/?page_id=2\" \/>\n<meta property=\"og:locale\" content=\"fi_FI\" \/>\n<meta property=\"og:type\" content=\"article\" \/>\n<meta property=\"og:title\" content=\"Enduro - V\u00e4liniemi\" \/>\n<meta property=\"og:description\" content=\"Enduroharrastukseni lyhyesti. Ensimm\u00e4inen ajokkini 2009 hankittu KTM 200EXC vm.1999 Ensimm\u00e4inen kisa 2.10.2010, Mutkam\u00e4ki VI, josta C -luokkavoitto. Toinen kisa, III Pinteleen Ajo\u00a026.2.2011 talvella, josta toinen sijoitus 9:n sekunnin erolla voittajaan. Nousu B -luokkaan. Toinen ajokkini 2012 KTM 200EXC. Nykyinen, 3.s ajokkini 2014 KTM 200EXC. T\u00e4m\u00e4 on valkokilpinen. V\u00e4liin mahtuu lukuisia paikallisia sarjaenduokisoja, joista varsin hyvi\u00e4 [&hellip;]\" \/>\n<meta property=\"og:url\" content=\"https:\/\/www.valiniemi.com\/?page_id=2\" \/>\n<meta property=\"og:site_name\" content=\"V\u00e4liniemi\" \/>\n<meta property=\"article:modified_time\" content=\"2019-11-28T11:20:56+00:00\" \/>\n<meta property=\"og:image\" content=\"http:\/\/www.valiniemi.com\/wp-content\/uploads\/2016\/08\/601095_10151025450389188_1005256874_n.jpg\" \/>\n<meta name=\"twitter:card\" content=\"summary_large_image\" \/>\n<meta name=\"twitter:label1\" content=\"Arvioitu lukuaika\" \/>\n\t<meta name=\"twitter:data1\" content=\"1 minuutti\" \/>\n<script type=\"application\/ld+json\" class=\"yoast-schema-graph\">{\"@context\":\"https:\\\/\\\/schema.org\",\"@graph\":[{\"@type\":\"WebPage\",\"@id\":\"https:\\\/\\\/www.valiniemi.com\\\/?page_id=2\",\"url\":\"https:\\\/\\\/www.valiniemi.com\\\/?page_id=2\",\"name\":\"Enduro - V\u00e4liniemi\",\"isPartOf\":{\"@id\":\"https:\\\/\\\/www.valiniemi.com\\\/#website\"},\"primaryImageOfPage\":{\"@id\":\"https:\\\/\\\/www.valiniemi.com\\\/?page_id=2#primaryimage\"},\"image\":{\"@id\":\"https:\\\/\\\/www.valiniemi.com\\\/?page_id=2#primaryimage\"},\"thumbnailUrl\":\"http:\\\/\\\/www.valiniemi.com\\\/wp-content\\\/uploads\\\/2016\\\/08\\\/601095_10151025450389188_1005256874_n.jpg\",\"datePublished\":\"2016-08-20T20:08:03+00:00\",\"dateModified\":\"2019-11-28T11:20:56+00:00\",\"breadcrumb\":{\"@id\":\"https:\\\/\\\/www.valiniemi.com\\\/?page_id=2#breadcrumb\"},\"inLanguage\":\"fi\",\"potentialAction\":[{\"@type\":\"ReadAction\",\"target\":[\"https:\\\/\\\/www.valiniemi.com\\\/?page_id=2\"]}]},{\"@type\":\"ImageObject\",\"inLanguage\":\"fi\",\"@id\":\"https:\\\/\\\/www.valiniemi.com\\\/?page_id=2#primaryimage\",\"url\":\"http:\\\/\\\/www.valiniemi.com\\\/wp-content\\\/uploads\\\/2016\\\/08\\\/601095_10151025450389188_1005256874_n.jpg\",\"contentUrl\":\"http:\\\/\\\/www.valiniemi.com\\\/wp-content\\\/uploads\\\/2016\\\/08\\\/601095_10151025450389188_1005256874_n.jpg\"},{\"@type\":\"BreadcrumbList\",\"@id\":\"https:\\\/\\\/www.valiniemi.com\\\/?page_id=2#breadcrumb\",\"itemListElement\":[{\"@type\":\"ListItem\",\"position\":1,\"name\":\"Home\",\"item\":\"https:\\\/\\\/www.valiniemi.com\\\/\"},{\"@type\":\"ListItem\",\"position\":2,\"name\":\"Enduro\"}]},{\"@type\":\"WebSite\",\"@id\":\"https:\\\/\\\/www.valiniemi.com\\\/#website\",\"url\":\"https:\\\/\\\/www.valiniemi.com\\\/\",\"name\":\"V\u00e4liniemi\",\"description\":\"Enduro \\\/ Drift \\\/ Valokuvaus\",\"publisher\":{\"@id\":\"https:\\\/\\\/www.valiniemi.com\\\/#\\\/schema\\\/person\\\/edb2b68a6934a4dc1cd567773d1f454a\"},\"potentialAction\":[{\"@type\":\"SearchAction\",\"target\":{\"@type\":\"EntryPoint\",\"urlTemplate\":\"https:\\\/\\\/www.valiniemi.com\\\/?s={search_term_string}\"},\"query-input\":{\"@type\":\"PropertyValueSpecification\",\"valueRequired\":true,\"valueName\":\"search_term_string\"}}],\"inLanguage\":\"fi\"},{\"@type\":[\"Person\",\"Organization\"],\"@id\":\"https:\\\/\\\/www.valiniemi.com\\\/#\\\/schema\\\/person\\\/edb2b68a6934a4dc1cd567773d1f454a\",\"name\":\"Ari\",\"image\":{\"@type\":\"ImageObject\",\"inLanguage\":\"fi\",\"@id\":\"https:\\\/\\\/www.valiniemi.com\\\/wp-content\\\/uploads\\\/2023\\\/03\\\/20180420_194810_001-scaled.jpg\",\"url\":\"https:\\\/\\\/www.valiniemi.com\\\/wp-content\\\/uploads\\\/2023\\\/03\\\/20180420_194810_001-scaled.jpg\",\"contentUrl\":\"https:\\\/\\\/www.valiniemi.com\\\/wp-content\\\/uploads\\\/2023\\\/03\\\/20180420_194810_001-scaled.jpg\",\"width\":2560,\"height\":1920,\"caption\":\"Ari\"},\"logo\":{\"@id\":\"https:\\\/\\\/www.valiniemi.com\\\/wp-content\\\/uploads\\\/2023\\\/03\\\/20180420_194810_001-scaled.jpg\"}}]}<\/script>\n<!-- \/ Yoast SEO plugin. -->","yoast_head_json":{"title":"Enduro - V\u00e4liniemi","robots":{"index":"index","follow":"follow","max-snippet":"max-snippet:-1","max-image-preview":"max-image-preview:large","max-video-preview":"max-video-preview:-1"},"canonical":"https:\/\/www.valiniemi.com\/?page_id=2","og_locale":"fi_FI","og_type":"article","og_title":"Enduro - V\u00e4liniemi","og_description":"Enduroharrastukseni lyhyesti. Ensimm\u00e4inen ajokkini 2009 hankittu KTM 200EXC vm.1999 Ensimm\u00e4inen kisa 2.10.2010, Mutkam\u00e4ki VI, josta C -luokkavoitto. Toinen kisa, III Pinteleen Ajo\u00a026.2.2011 talvella, josta toinen sijoitus 9:n sekunnin erolla voittajaan. Nousu B -luokkaan. Toinen ajokkini 2012 KTM 200EXC. Nykyinen, 3.s ajokkini 2014 KTM 200EXC. T\u00e4m\u00e4 on valkokilpinen. V\u00e4liin mahtuu lukuisia paikallisia sarjaenduokisoja, joista varsin hyvi\u00e4 [&hellip;]","og_url":"https:\/\/www.valiniemi.com\/?page_id=2","og_site_name":"V\u00e4liniemi","article_modified_time":"2019-11-28T11:20:56+00:00","og_image":[{"url":"http:\/\/www.valiniemi.com\/wp-content\/uploads\/2016\/08\/601095_10151025450389188_1005256874_n.jpg","type":"","width":"","height":""}],"twitter_card":"summary_large_image","twitter_misc":{"Arvioitu lukuaika":"1 minuutti"},"schema":{"@context":"https:\/\/schema.org","@graph":[{"@type":"WebPage","@id":"https:\/\/www.valiniemi.com\/?page_id=2","url":"https:\/\/www.valiniemi.com\/?page_id=2","name":"Enduro - V\u00e4liniemi","isPartOf":{"@id":"https:\/\/www.valiniemi.com\/#website"},"primaryImageOfPage":{"@id":"https:\/\/www.valiniemi.com\/?page_id=2#primaryimage"},"image":{"@id":"https:\/\/www.valiniemi.com\/?page_id=2#primaryimage"},"thumbnailUrl":"http:\/\/www.valiniemi.com\/wp-content\/uploads\/2016\/08\/601095_10151025450389188_1005256874_n.jpg","datePublished":"2016-08-20T20:08:03+00:00","dateModified":"2019-11-28T11:20:56+00:00","breadcrumb":{"@id":"https:\/\/www.valiniemi.com\/?page_id=2#breadcrumb"},"inLanguage":"fi","potentialAction":[{"@type":"ReadAction","target":["https:\/\/www.valiniemi.com\/?page_id=2"]}]},{"@type":"ImageObject","inLanguage":"fi","@id":"https:\/\/www.valiniemi.com\/?page_id=2#primaryimage","url":"http:\/\/www.valiniemi.com\/wp-content\/uploads\/2016\/08\/601095_10151025450389188_1005256874_n.jpg","contentUrl":"http:\/\/www.valiniemi.com\/wp-content\/uploads\/2016\/08\/601095_10151025450389188_1005256874_n.jpg"},{"@type":"BreadcrumbList","@id":"https:\/\/www.valiniemi.com\/?page_id=2#breadcrumb","itemListElement":[{"@type":"ListItem","position":1,"name":"Home","item":"https:\/\/www.valiniemi.com\/"},{"@type":"ListItem","position":2,"name":"Enduro"}]},{"@type":"WebSite","@id":"https:\/\/www.valiniemi.com\/#website","url":"https:\/\/www.valiniemi.com\/","name":"V\u00e4liniemi","description":"Enduro \/ Drift \/ Valokuvaus","publisher":{"@id":"https:\/\/www.valiniemi.com\/#\/schema\/person\/edb2b68a6934a4dc1cd567773d1f454a"},"potentialAction":[{"@type":"SearchAction","target":{"@type":"EntryPoint","urlTemplate":"https:\/\/www.valiniemi.com\/?s={search_term_string}"},"query-input":{"@type":"PropertyValueSpecification","valueRequired":true,"valueName":"search_term_string"}}],"inLanguage":"fi"},{"@type":["Person","Organization"],"@id":"https:\/\/www.valiniemi.com\/#\/schema\/person\/edb2b68a6934a4dc1cd567773d1f454a","name":"Ari","image":{"@type":"ImageObject","inLanguage":"fi","@id":"https:\/\/www.valiniemi.com\/wp-content\/uploads\/2023\/03\/20180420_194810_001-scaled.jpg","url":"https:\/\/www.valiniemi.com\/wp-content\/uploads\/2023\/03\/20180420_194810_001-scaled.jpg","contentUrl":"https:\/\/www.valiniemi.com\/wp-content\/uploads\/2023\/03\/20180420_194810_001-scaled.jpg","width":2560,"height":1920,"caption":"Ari"},"logo":{"@id":"https:\/\/www.valiniemi.com\/wp-content\/uploads\/2023\/03\/20180420_194810_001-scaled.jpg"}}]}},"jetpack_sharing_enabled":true,"jetpack_shortlink":"https:\/\/wp.me\/P7OYs8-2","_links":{"self":[{"href":"https:\/\/www.valiniemi.com\/index.php?rest_route=\/wp\/v2\/pages\/2","targetHints":{"allow":["GET"]}}],"collection":[{"href":"https:\/\/www.valiniemi.com\/index.php?rest_route=\/wp\/v2\/pages"}],"about":[{"href":"https:\/\/www.valiniemi.com\/index.php?rest_route=\/wp\/v2\/types\/page"}],"author":[{"embeddable":true,"href":"https:\/\/www.valiniemi.com\/index.php?rest_route=\/wp\/v2\/users\/1"}],"replies":[{"embeddable":true,"href":"https:\/\/www.valiniemi.com\/index.php?rest_route=%2Fwp%2Fv2%2Fcomments&post=2"}],"version-history":[{"count":14,"href":"https:\/\/www.valiniemi.com\/index.php?rest_route=\/wp\/v2\/pages\/2\/revisions"}],"predecessor-version":[{"id":2535,"href":"https:\/\/www.valiniemi.com\/index.php?rest_route=\/wp\/v2\/pages\/2\/revisions\/2535"}],"wp:attachment":[{"href":"https:\/\/www.valiniemi.com\/index.php?rest_route=%2Fwp%2Fv2%2Fmedia&parent=2"}],"curies":[{"name":"wp","href":"https:\/\/api.w.org\/{rel}","templated":true}]}}