{"id":3,"date":"2024-08-03T16:51:08","date_gmt":"2024-08-03T16:51:08","guid":{"rendered":"https:\/\/www.valiniemi.com\/tiinasart\/?page_id=3"},"modified":"2024-12-02T14:06:44","modified_gmt":"2024-12-02T14:06:44","slug":"privacy-policy","status":"publish","type":"page","link":"https:\/\/www.valiniemi.com\/tiinasart\/privacy-policy\/","title":{"rendered":"Tietosuojak\u00e4yt\u00e4nt\u00f6"},"content":{"rendered":"\n<p>Verkkosivustomme osoite on: https:\/\/www.valiniemi.com\/tiinasart.<\/p>\n\n\n\n<p>Pid\u00e4t\u00e4n oikeuden kaikkiin sivustoilla n\u00e4kyviin kuviin. Niit\u00e4 ei tule kopioida tai jakaa luvatta sosiaalisessa mediassa tai esim markkinointimieless\u00e4. <\/p>\n\n\n\n<h2 class=\"wp-block-heading\">Kommentit<\/h2>\n\n\n\n<p>Kaikki kommentit tarkastetaan sis\u00e4ll\u00f6lt\u00e4\u00e4n ennen niiden julkaisua. Pid\u00e4n my\u00f6s itsell\u00e4ni oikeuden olla julkaisematta.<\/p>\n","protected":false},"excerpt":{"rendered":"<p>Verkkosivustomme osoite on: https:\/\/www.valiniemi.com\/tiinasart. Pid\u00e4t\u00e4n oikeuden kaikkiin sivustoilla n\u00e4kyviin kuviin. Niit\u00e4 ei tule kopioida tai jakaa luvatta sosiaalisessa mediassa tai esim markkinointimieless\u00e4. Kommentit Kaikki kommentit tarkastetaan sis\u00e4ll\u00f6lt\u00e4\u00e4n ennen niiden julkaisua. Pid\u00e4n my\u00f6s itsell\u00e4ni oikeuden olla julkaisematta.<\/p>\n","protected":false},"author":1,"featured_media":0,"parent":0,"menu_order":0,"comment_status":"closed","ping_status":"open","template":"","meta":{"footnotes":""},"class_list":["post-3","page","type-page","status-publish","hentry"],"_links":{"self":[{"href":"https:\/\/www.valiniemi.com\/tiinasart\/wp-json\/wp\/v2\/pages\/3","targetHints":{"allow":["GET"]}}],"collection":[{"href":"https:\/\/www.valiniemi.com\/tiinasart\/wp-json\/wp\/v2\/pages"}],"about":[{"href":"https:\/\/www.valiniemi.com\/tiinasart\/wp-json\/wp\/v2\/types\/page"}],"author":[{"embeddable":true,"href":"https:\/\/www.valiniemi.com\/tiinasart\/wp-json\/wp\/v2\/users\/1"}],"replies":[{"embeddable":true,"href":"https:\/\/www.valiniemi.com\/tiinasart\/wp-json\/wp\/v2\/comments?post=3"}],"version-history":[{"count":1,"href":"https:\/\/www.valiniemi.com\/tiinasart\/wp-json\/wp\/v2\/pages\/3\/revisions"}],"predecessor-version":[{"id":102,"href":"https:\/\/www.valiniemi.com\/tiinasart\/wp-json\/wp\/v2\/pages\/3\/revisions\/102"}],"wp:attachment":[{"href":"https:\/\/www.valiniemi.com\/tiinasart\/wp-json\/wp\/v2\/media?parent=3"}],"curies":[{"name":"wp","href":"https:\/\/api.w.org\/{rel}","templated":true}]}}